2
1012144 (base 5) to base 3
211200221
What is -1031 (base 10) in base 6?
-4435
-11467 (base 9) to base 8
-16773
330022 (base 4) to base 2
111100001010
Convert -1420 (base 10) to base 9.
-1847
-21b (base 13) to base 16
-16a
What is -856 (base 10) in base 2?
-1101011000
111001001 (base 3) to base 16
2521
35035 (base 6) to base 14
1b67
-22221 (base 6) to base 15
-dc4
Convert 1129 (base 10) to base 2.
10001101001
What is 277 (base 15) in base 4?
20302
Convert -8d6 (base 16) to base 12.
-1386
12111012 (base 3) to base 12
2395
Convert -761 (base 8) to base 11.
-412
Convert 5337 (base 9) to base 10.
3922
Convert -26a7 (base 13) to base 6.
-41401
What is -643 (base 12) in base 2?
-1110010011
Convert 1063 (base 9) to base 6.
3350
Convert 12b (base 13) to base 12.
152
Convert 242121 (base 5) to base 10.
9036
-1044 (base 5) to base 3
-12112
What is 432 (base 5) in base 12?
99
What is 25252 (base 8) in base 4?
2222222
Convert -2e5 (base 16) to base 14.
-3ad
313 (base 12) to base 13
285
Convert -1001102 (base 3) to base 16.
-2ff
Convert ad (base 16) to base 2.
10101101
1471 (base 10) to base 5
21341
-4313 (base 7) to base 8
-2771
Convert 1190 (base 10) to base 8.
2246
Convert -2230 (base 4) to base 11.
-147
-360b (base 12) to base 4
-1132223
What is 47 (base 15) in base 3?
2111
1685 (base 11) to base 8
4146
-24650 (base 8) to base 16
-29a8
Convert 23200 (base 4) to base 9.
1007
What is -10002000001 (base 3) in base 13?
-21706
What is -3e (base 16) in base 7?
-116
3345 (base 8) to base 16
6e5
What is -11001010 (base 2) in base 12?
-14a
157 (base 14) to base 7
540
Convert 4c2 (base 14) to base 13.
585
Convert -a3c (base 13) to base 2.
-11011001101
What is 8b0 (base 14) in base 9?
2323
What is 1bcb (base 15) in base 13?
2999
What is -1153 (base 12) in base 6?
-12543
What is 68 (base 13) in base 11?
79
-10012 (base 5) to base 8
-1170
Convert a181 (base 13) to base 12.
10a58
607 (base 15) to base 16
54d
Convert 232 (base 9) to base 13.
119
2098 (base 12) to base 7
13262
-236 (base 14) to base 11
-370
1530 (base 6) to base 4
12132
What is 54531 (base 8) in base 15?
6b9d
What is 405 (base 10) in base 2?
110010101
What is -1759 (base 10) in base 9?
-2364
43320 (base 5) to base 7
11426
255 (base 11) to base 16
12e
Convert 828 (base 10) to base 16.
33c
Convert -4a97 (base 11) to base 9.
-10087
156 (base 9) to base 5
1012
Convert 3d20 (base 14) to base 7.
43340
What is 2572 (base 12) in base 5?
114022
Convert 22002001 (base 3) to base 4.
1123333
Convert -5122 (base 6) to base 2.
-10001101010
18463 (base 12) to base 4
20212023
Convert 41417 (base 10) to base 16.
a1c9
10010001111 (base 2) to base 14
5d5
What is -371 (base 8) in base 12?
-189
What is -5abc (base 14) in base 2?
-11110111100110
1111011 (base 2) to base 6
323
Convert -6135 (base 9) to base 14.
-18c7
What is 11010000110 (base 2) in base 3?
2021212
What is 11022212 (base 3) in base 10?
3155
-377 (base 14) to base 9
-850
3231033 (base 4) to base 12
8953
What is -27c3 (base 15) in base 8?
-20474
Convert -39466 (base 10) to base 6.
-502414
What is 1185 (base 9) in base 4?
31313
Convert 120560 (base 7) to base 13.
9c74
What is -2578 (base 10) in base 5?
-40303
Convert -100100011100 (base 2) to base 15.
-a57
What is 1101011110 (base 2) in base 14?
458
What is -4301 (base 7) in base 13?
-8cc
Convert -100111100 (base 2) to base 15.
-161
What is -3176 (base 9) in base 11?
-1835
What is -6c73 (base 13) in base 15?
-4804
What is e7 (base 15) in base 11?
188
What is -231101 (base 4) in base 10?
-2897
Convert 14641 (base 7) to base 3.
12121201
Convert 6b6 (base 14) to base 6.
10104
-5855 (base 9) to base 13
-1c91
3466 (base 12) to base 15
1ae3
-77 (base 10) to base 2
-1001101
What is -100 (base 3) in base 10?
-9
1222221 (base 3) to base 4
112300
-1101211120 (base 3) to base 15
-828c
Convert 206124 (base 7) to base 5.
2120424
Convert 10110011001 (base 2) to base 12.
9b5
Convert 4331 (base 8) to base 13.
1053
89a (base 15) to base 10
1945
-104714 (base 8) to base 10
-35276
Convert -5b0b (base 14) to base 6.
-201315
-1060 (base 10) to base 11
-884
What is -2042 (base 7) in base 15?
-32b
Convert -671 (base 10) to base 5.
-10141
-24200 (base 5) to base 4
-130020
334 (base 11) to base 9
484
Convert 4e89 (base 15) to base 16.
418b
-625 (base 10) to base 13
-391
What is 3426 (base 10) in base 4?
311202
Convert ace (base 15) to base 4.
212030
What is -4690 (base 12) in base 2?
-1111011001100
Convert -1224 (base 8) to base 6.
-3020
332 (base 10) to base 3
110022
Convert -10200 (base 4) to base 13.
-192
-1d2 (base 16) to base 9
-567
-12489 (base 15) to base 7
-332163
Convert -2213 (base 6) to base 2.
-1000000001
What is -65672 (base 9) in base 6?
-533402
-b7 (base 16) to base 14
-d1
What is -22546 (base 8) in base 2?
-10010101100110
What is 1343 (base 12) in base 2?
100010100011
What is cb3 (base 16) in base 8?
6263
What is 394 (base 14) in base 7?
2044
What is -8b1 (base 14) in base 3?
-2100211
What is -2c4 (base 16) in base 5?
-10313
Convert 177453 (base 8) to base 13.
2396b
Convert 554 (base 6) to base 4.
3112
-2271 (base 13) to base 6
-34200
What is e088 (base 15) in base 7?
255062
What is -2204123 (base 5) in base 13?
-14410
What is -dc (base 15) in base 16?
-cf
Convert 204014 (base 5) to base 2.
1101001100111
What is -1410 (base 6) in base 4?
-11232
What is 3458 (base 9) in base 2?
101000000100
6 (base 14) to base 6
10
Convert -8641 (base 12) to base 16.
-3991
What is -11155 (base 6) in base 7?
-4421
What is 10112202 (base 3) in base 13?
123b
What is -c2b8 (base 13) in base 8?
-64345
Convert 307 (base 10) to base 6.
1231
What is -322 (base 14) in base 4?
-21222
What is -1421 (base 7) in base 16?
-22a
Convert 253350 (base 6) to base 13.
a503
Convert -145 (base 12) to base 9.
-238
What is -9ab (base 13) in base 8?
-3176
8a9 (base 13) to base 8
2723
Convert 16a (base 16) to base 10.
362
-5155 (base 7) to base 16
-70c
10090 (base 10) to base 3
111211201
7510 (base 10) to base 13
3559
112 (base 3) to base 7
20
Convert -74 (base 16) to base 10.
-116
What is -2221 (base 5) in base 13?
-1ac
What is 1011010 (base 2) in base 7?
156
Convert 740 (base 15) to base 7.
4524
Convert -110111000110001 (base 2) to base 9.
-42623
Convert -11101111000 (base 2) to base 3.
-2121211
-2465 (base 7) to base 12
-655
-2 (base 5) to base 12
-2
-265 (base 15) to base 13
-32c
24b (base 16) to base 5
4322
e1 (base 15) to base 12
157
What is 1603 (base 9) in base 16?
4c2
-433 (base 6) to base 14
-bb
-11101000100010 (base 2) to base 9
-22365
What is 1576 (base 9) in base 16?
4b3
-796 (base 12) to base 4
-101202
-11110 (base 6) to base 2
-11000010010
Convert -4012 (base 7) to base 15.
-621
-11022102 (base 3) to base 10
-3143
What is -9683 (base 11) in base 16?
-31fc
Convert 4241 (base 5) to base 14.
2cb
What is 4123312 (base 5) in base 8?
203404
11615 (base 10) to base 12
687b
What is -101200 (base 4) in base 10?
-1120
Convert -1524 (base 9) to base 16.
-484
What is -144685 (base 9) in base 10?
-88772
What is -2520 (base 8) in base 6?
-10144
2047 (base 14) to base 15
19a1
What is 18b0 (base 16) in base 3?
22200002
-25634 (base 12) to base 11
-35369
Convert 1459 (base 10) to base 3.
2000001
Convert -ac23 (base 13) to base 14.
-8a83
What is c86b (base 14) in base 12?
18027
4414 (base 7) to base 3
2011111
Convert -65a4 (base 13) to base 6.
-145321
-1010001010 (base 2) to base 14
-346
What is 2d26 (base 14) in base 11?
6077
What is -752d (base 14) in base 10?
-20229
Convert -383 (base 9) to base 11.
-26a
Convert d81 (base 16) to base 7.
13036
What is -21223310 (base 4) in base 14?
-10656
-924 (base 12) to base 9
-1731
What is -224231 (base 5) in base 7?
-32342
What is -113140 (base 6) in base 9?
-14366
33ac (base 13) to base 4
1301020
Convert b49 (base 15) to base 4.
213300
3321231 (base 5) to base 13
2034a
Convert 13858 (base 9) to base 14.
362d
What is 2030133 (base 4) in base 13?
4128
What is -10135 (base 6) in base 8?
-2513
-10023033 (base 4) to base 11
-11939
What is 283 (base 9) in base 2?
11101101
What is 53337 (base 9) in base 12?
184b1
What is -5135 (base 7) in base 3?
-2110022
What is -11ca (base 16) in base 9?
-6220
What is -3379 (base 11) in base 16?
-115a
Convert 25232 (base 8) to base 7.
43540
1102 (base 3) to base 5
123
What is 32214 (base 8)